{"id":37,"date":"2018-05-24T13:51:53","date_gmt":"2018-05-24T11:51:53","guid":{"rendered":"http:\/\/www.praxis-schwiese.de\/website\/?page_id=37"},"modified":"2019-10-30T18:45:58","modified_gmt":"2019-10-30T17:45:58","slug":"team","status":"publish","type":"page","link":"http:\/\/www.praxis-schwiese.de\/website\/team\/","title":{"rendered":"Vita Dr. Schwiese"},"content":{"rendered":"<p>Geboren in Dinslaken,<a href=\"http:\/\/www.praxis-schwiese.de\/website\/wp-content\/uploads\/2019\/10\/dr_schwiese.jpg\"><img loading=\"lazy\" decoding=\"async\" class=\"alignright size-medium wp-image-428\" src=\"http:\/\/www.praxis-schwiese.de\/website\/wp-content\/uploads\/2019\/10\/dr_schwiese-225x300.jpg\" alt=\"\" width=\"225\" height=\"300\" srcset=\"http:\/\/www.praxis-schwiese.de\/website\/wp-content\/uploads\/2019\/10\/dr_schwiese-225x300.jpg 225w, http:\/\/www.praxis-schwiese.de\/website\/wp-content\/uploads\/2019\/10\/dr_schwiese.jpg 450w\" sizes=\"auto, (max-width: 225px) 100vw, 225px\" \/><\/a><\/p>\n<p>Studium der Medizin in D\u00fcsseldorf,<\/p>\n<p>T\u00e4tigkeiten als Assistenzarzt :<\/p>\n<p>&#8211; in der Kardiologischen \/Pneumologischen Klinik des<br \/>\nEvang. Krankenhauses M\u00fclheim\/R.,<br \/>\n&#8211; in der I. Medizinischen Klinik des St. Marien Hospitals M\u00fclheim.<\/p>\n<p>Abschlu\u00df der Weiterbildung zum Facharzt \u201eInnere Medizin\u201c.<\/p>\n<p>Schlie\u00dflich Weiterbildung zum Arzt f\u00fcr Lungen-und Bronchialheilkunde und Allergologie in der Lungenklinik Hemer.<\/p>\n<p>Dann 5 Jahre Oberarzt in der Medizinischen Klinik des Evang. Krankenhauses D\u00fcsseldorf, verantwortlich f\u00fcr den Fachbereich Lungen- und Bronchialheilkunde\/Allergologie.<\/p>\n<p>Am 1.7.2004 \u00dcbernahme der Praxis von Dr. P. Pasquay in Duisburg,\u00a0 auf der M\u00fcnzstr. 19.<\/p>\n<p>Zum 1.1.2005 dann Umzug und Neuer\u00f6ffnung der Praxis auf der nahe gelegenen Schwanenstr. 19 (gegen\u00fcber dem Rathaus).<\/p>\n","protected":false},"excerpt":{"rendered":"<p>Geboren in Dinslaken, Studium der Medizin in D\u00fcsseldorf, T\u00e4tigkeiten als Assistenzarzt : &#8211; in der Kardiologischen \/Pneumologischen Klinik des Evang. Krankenhauses M\u00fclheim\/R., &#8211; in der I. Medizinischen Klinik des St. Marien Hospitals M\u00fclheim. Abschlu\u00df der Weiterbildung zum Facharzt \u201eInnere Medizin\u201c. Schlie\u00dflich Weiterbildung zum Arzt f\u00fcr Lungen-und Bronchialheilkunde und Allergologie in der Lungenklinik Hemer. Dann 5 &hellip;<\/p>\n<p class=\"read-more\"> <a class=\"\" href=\"http:\/\/www.praxis-schwiese.de\/website\/team\/\"> <span class=\"screen-reader-text\">Vita Dr. Schwiese<\/span> Weiterlesen &raquo;<\/a><\/p>\n","protected":false},"author":1,"featured_media":0,"parent":0,"menu_order":0,"comment_status":"closed","ping_status":"closed","template":"","meta":{"site-sidebar-layout":"default","site-content-layout":"default","ast-global-header-display":"","ast-main-header-display":"","ast-hfb-above-header-display":"","ast-hfb-below-header-display":"","ast-hfb-mobile-header-display":"","site-post-title":"","ast-breadcrumbs-content":"","ast-featured-img":"","footer-sml-layout":"","theme-transparent-header-meta":"default","adv-header-id-meta":"","stick-header-meta":"","header-above-stick-meta":"","header-main-stick-meta":"","header-below-stick-meta":"","footnotes":""},"categories":[6],"tags":[],"class_list":["post-37","page","type-page","status-publish","hentry","category-unsere-praxis"],"yoast_head":"<!-- This site is optimized with the Yoast SEO plugin v19.7.1 - https:\/\/yoast.com\/wordpress\/plugins\/seo\/ -->\n<title>Vita Dr. Schwiese - Praxis Dr. med. J\u00fcrgen Schwiese<\/title>\n<meta name=\"robots\" content=\"index, follow, max-snippet:-1, max-image-preview:large, max-video-preview:-1\" \/>\n<link rel=\"canonical\" href=\"http:\/\/www.praxis-schwiese.de\/website\/team\/\" \/>\n<meta property=\"og:locale\" content=\"de_DE\" \/>\n<meta property=\"og:type\" content=\"article\" \/>\n<meta property=\"og:title\" content=\"Vita Dr. Schwiese - Praxis Dr. med. J\u00fcrgen Schwiese\" \/>\n<meta property=\"og:description\" content=\"Geboren in Dinslaken, Studium der Medizin in D\u00fcsseldorf, T\u00e4tigkeiten als Assistenzarzt : &#8211; in der Kardiologischen \/Pneumologischen Klinik des Evang. Krankenhauses M\u00fclheim\/R., &#8211; in der I. Medizinischen Klinik des St. Marien Hospitals M\u00fclheim. Abschlu\u00df der Weiterbildung zum Facharzt \u201eInnere Medizin\u201c. Schlie\u00dflich Weiterbildung zum Arzt f\u00fcr Lungen-und Bronchialheilkunde und Allergologie in der Lungenklinik Hemer. Dann 5 &hellip; Vita Dr. Schwiese Weiterlesen &raquo;\" \/>\n<meta property=\"og:url\" content=\"http:\/\/www.praxis-schwiese.de\/website\/team\/\" \/>\n<meta property=\"og:site_name\" content=\"Praxis Dr. med. J\u00fcrgen Schwiese\" \/>\n<meta property=\"article:modified_time\" content=\"2019-10-30T17:45:58+00:00\" \/>\n<meta property=\"og:image\" content=\"http:\/\/www.praxis-schwiese.de\/website\/wp-content\/uploads\/2019\/10\/dr_schwiese-225x300.jpg\" \/>\n<meta name=\"twitter:card\" content=\"summary_large_image\" \/>\n<meta name=\"twitter:label1\" content=\"Gesch\u00e4tzte Lesezeit\" \/>\n\t<meta name=\"twitter:data1\" content=\"1\u00a0Minute\" \/>\n<script type=\"application\/ld+json\" class=\"yoast-schema-graph\">{\"@context\":\"https:\/\/schema.org\",\"@graph\":[{\"@type\":\"WebPage\",\"@id\":\"http:\/\/www.praxis-schwiese.de\/website\/team\/\",\"url\":\"http:\/\/www.praxis-schwiese.de\/website\/team\/\",\"name\":\"Vita Dr. Schwiese - Praxis Dr. med. J\u00fcrgen Schwiese\",\"isPartOf\":{\"@id\":\"http:\/\/www.praxis-schwiese.de\/website\/#website\"},\"datePublished\":\"2018-05-24T11:51:53+00:00\",\"dateModified\":\"2019-10-30T17:45:58+00:00\",\"breadcrumb\":{\"@id\":\"http:\/\/www.praxis-schwiese.de\/website\/team\/#breadcrumb\"},\"inLanguage\":\"de\",\"potentialAction\":[{\"@type\":\"ReadAction\",\"target\":[\"http:\/\/www.praxis-schwiese.de\/website\/team\/\"]}]},{\"@type\":\"BreadcrumbList\",\"@id\":\"http:\/\/www.praxis-schwiese.de\/website\/team\/#breadcrumb\",\"itemListElement\":[{\"@type\":\"ListItem\",\"position\":1,\"name\":\"Startseite\",\"item\":\"http:\/\/www.praxis-schwiese.de\/website\/\"},{\"@type\":\"ListItem\",\"position\":2,\"name\":\"Vita Dr. Schwiese\"}]},{\"@type\":\"WebSite\",\"@id\":\"http:\/\/www.praxis-schwiese.de\/website\/#website\",\"url\":\"http:\/\/www.praxis-schwiese.de\/website\/\",\"name\":\"Praxis Dr. med. J\u00fcrgen Schwiese\",\"description\":\"Facharztpraxis f\u00fcr Innere Medizin, Lungen- und Bronchialheilkunde, Allergologie\",\"publisher\":{\"@id\":\"http:\/\/www.praxis-schwiese.de\/website\/#organization\"},\"potentialAction\":[{\"@type\":\"SearchAction\",\"target\":{\"@type\":\"EntryPoint\",\"urlTemplate\":\"http:\/\/www.praxis-schwiese.de\/website\/?s={search_term_string}\"},\"query-input\":\"required name=search_term_string\"}],\"inLanguage\":\"de\"},{\"@type\":\"Organization\",\"@id\":\"http:\/\/www.praxis-schwiese.de\/website\/#organization\",\"name\":\"Praxis Dr. J\u00fcrgen Schwiese\",\"url\":\"http:\/\/www.praxis-schwiese.de\/website\/\",\"sameAs\":[],\"logo\":{\"@type\":\"ImageObject\",\"inLanguage\":\"de\",\"@id\":\"http:\/\/www.praxis-schwiese.de\/website\/#\/schema\/logo\/image\/\",\"url\":\"http:\/\/www.praxis-schwiese.de\/website\/wp-content\/uploads\/2019\/10\/header_250-1.png\",\"contentUrl\":\"http:\/\/www.praxis-schwiese.de\/website\/wp-content\/uploads\/2019\/10\/header_250-1.png\",\"width\":275,\"height\":91,\"caption\":\"Praxis Dr. J\u00fcrgen Schwiese\"},\"image\":{\"@id\":\"http:\/\/www.praxis-schwiese.de\/website\/#\/schema\/logo\/image\/\"}}]}<\/script>\n<!-- \/ Yoast SEO plugin. -->","yoast_head_json":{"title":"Vita Dr. Schwiese - Praxis Dr. med. J\u00fcrgen Schwiese","robots":{"index":"index","follow":"follow","max-snippet":"max-snippet:-1","max-image-preview":"max-image-preview:large","max-video-preview":"max-video-preview:-1"},"canonical":"http:\/\/www.praxis-schwiese.de\/website\/team\/","og_locale":"de_DE","og_type":"article","og_title":"Vita Dr. Schwiese - Praxis Dr. med. J\u00fcrgen Schwiese","og_description":"Geboren in Dinslaken, Studium der Medizin in D\u00fcsseldorf, T\u00e4tigkeiten als Assistenzarzt : &#8211; in der Kardiologischen \/Pneumologischen Klinik des Evang. Krankenhauses M\u00fclheim\/R., &#8211; in der I. Medizinischen Klinik des St. Marien Hospitals M\u00fclheim. Abschlu\u00df der Weiterbildung zum Facharzt \u201eInnere Medizin\u201c. Schlie\u00dflich Weiterbildung zum Arzt f\u00fcr Lungen-und Bronchialheilkunde und Allergologie in der Lungenklinik Hemer. Dann 5 &hellip; Vita Dr. Schwiese Weiterlesen &raquo;","og_url":"http:\/\/www.praxis-schwiese.de\/website\/team\/","og_site_name":"Praxis Dr. med. J\u00fcrgen Schwiese","article_modified_time":"2019-10-30T17:45:58+00:00","og_image":[{"url":"http:\/\/www.praxis-schwiese.de\/website\/wp-content\/uploads\/2019\/10\/dr_schwiese-225x300.jpg"}],"twitter_card":"summary_large_image","twitter_misc":{"Gesch\u00e4tzte Lesezeit":"1\u00a0Minute"},"schema":{"@context":"https:\/\/schema.org","@graph":[{"@type":"WebPage","@id":"http:\/\/www.praxis-schwiese.de\/website\/team\/","url":"http:\/\/www.praxis-schwiese.de\/website\/team\/","name":"Vita Dr. Schwiese - Praxis Dr. med. J\u00fcrgen Schwiese","isPartOf":{"@id":"http:\/\/www.praxis-schwiese.de\/website\/#website"},"datePublished":"2018-05-24T11:51:53+00:00","dateModified":"2019-10-30T17:45:58+00:00","breadcrumb":{"@id":"http:\/\/www.praxis-schwiese.de\/website\/team\/#breadcrumb"},"inLanguage":"de","potentialAction":[{"@type":"ReadAction","target":["http:\/\/www.praxis-schwiese.de\/website\/team\/"]}]},{"@type":"BreadcrumbList","@id":"http:\/\/www.praxis-schwiese.de\/website\/team\/#breadcrumb","itemListElement":[{"@type":"ListItem","position":1,"name":"Startseite","item":"http:\/\/www.praxis-schwiese.de\/website\/"},{"@type":"ListItem","position":2,"name":"Vita Dr. Schwiese"}]},{"@type":"WebSite","@id":"http:\/\/www.praxis-schwiese.de\/website\/#website","url":"http:\/\/www.praxis-schwiese.de\/website\/","name":"Praxis Dr. med. J\u00fcrgen Schwiese","description":"Facharztpraxis f\u00fcr Innere Medizin, Lungen- und Bronchialheilkunde, Allergologie","publisher":{"@id":"http:\/\/www.praxis-schwiese.de\/website\/#organization"},"potentialAction":[{"@type":"SearchAction","target":{"@type":"EntryPoint","urlTemplate":"http:\/\/www.praxis-schwiese.de\/website\/?s={search_term_string}"},"query-input":"required name=search_term_string"}],"inLanguage":"de"},{"@type":"Organization","@id":"http:\/\/www.praxis-schwiese.de\/website\/#organization","name":"Praxis Dr. J\u00fcrgen Schwiese","url":"http:\/\/www.praxis-schwiese.de\/website\/","sameAs":[],"logo":{"@type":"ImageObject","inLanguage":"de","@id":"http:\/\/www.praxis-schwiese.de\/website\/#\/schema\/logo\/image\/","url":"http:\/\/www.praxis-schwiese.de\/website\/wp-content\/uploads\/2019\/10\/header_250-1.png","contentUrl":"http:\/\/www.praxis-schwiese.de\/website\/wp-content\/uploads\/2019\/10\/header_250-1.png","width":275,"height":91,"caption":"Praxis Dr. J\u00fcrgen Schwiese"},"image":{"@id":"http:\/\/www.praxis-schwiese.de\/website\/#\/schema\/logo\/image\/"}}]}},"uagb_featured_image_src":{"full":false,"thumbnail":false,"medium":false,"medium_large":false,"large":false,"1536x1536":false,"2048x2048":false},"uagb_author_info":{"display_name":"rolfwin","author_link":"http:\/\/www.praxis-schwiese.de\/website\/author\/rolfwin\/"},"uagb_comment_info":0,"uagb_excerpt":"Geboren in Dinslaken, Studium der Medizin in D\u00fcsseldorf, T\u00e4tigkeiten als Assistenzarzt : &#8211; in der Kardiologischen \/Pneumologischen Klinik des Evang. Krankenhauses M\u00fclheim\/R., &#8211; in der I. Medizinischen Klinik des St. Marien Hospitals M\u00fclheim. Abschlu\u00df der Weiterbildung zum Facharzt \u201eInnere Medizin\u201c. Schlie\u00dflich Weiterbildung zum Arzt f\u00fcr Lungen-und Bronchialheilkunde und Allergologie in der Lungenklinik Hemer. Dann 5&hellip;","_links":{"self":[{"href":"http:\/\/www.praxis-schwiese.de\/website\/wp-json\/wp\/v2\/pages\/37","targetHints":{"allow":["GET"]}}],"collection":[{"href":"http:\/\/www.praxis-schwiese.de\/website\/wp-json\/wp\/v2\/pages"}],"about":[{"href":"http:\/\/www.praxis-schwiese.de\/website\/wp-json\/wp\/v2\/types\/page"}],"author":[{"embeddable":true,"href":"http:\/\/www.praxis-schwiese.de\/website\/wp-json\/wp\/v2\/users\/1"}],"replies":[{"embeddable":true,"href":"http:\/\/www.praxis-schwiese.de\/website\/wp-json\/wp\/v2\/comments?post=37"}],"version-history":[{"count":5,"href":"http:\/\/www.praxis-schwiese.de\/website\/wp-json\/wp\/v2\/pages\/37\/revisions"}],"predecessor-version":[{"id":429,"href":"http:\/\/www.praxis-schwiese.de\/website\/wp-json\/wp\/v2\/pages\/37\/revisions\/429"}],"wp:attachment":[{"href":"http:\/\/www.praxis-schwiese.de\/website\/wp-json\/wp\/v2\/media?parent=37"}],"wp:term":[{"taxonomy":"category","embeddable":true,"href":"http:\/\/www.praxis-schwiese.de\/website\/wp-json\/wp\/v2\/categories?post=37"},{"taxonomy":"post_tag","embeddable":true,"href":"http:\/\/www.praxis-schwiese.de\/website\/wp-json\/wp\/v2\/tags?post=37"}],"curies":[{"name":"wp","href":"https:\/\/api.w.org\/{rel}","templated":true}]}}

<p>Geboren in Dinslaken,<a href="http://www.praxis-schwiese.de/website/wp-content/uploads/2019/10/dr_schwiese.jpg"><img loading="lazy" decoding="async" class="alignright size-medium wp-image-428" src="http://www.praxis-schwiese.de/website/wp-content/uploads/2019/10/dr_schwiese-225x300.jpg" alt="" width="225" height="300" srcset="http://www.praxis-schwiese.de/website/wp-content/uploads/2019/10/dr_schwiese-225x300.jpg 225w, http://www.praxis-schwiese.de/website/wp-content/uploads/2019/10/dr_schwiese.jpg 450w" sizes="auto, (max-width: 225px) 100vw, 225px" /></a></p>
<p>Studium der Medizin in Düsseldorf,</p>
<p>Tätigkeiten als Assistenzarzt :</p>
<p>&#8211; in der Kardiologischen /Pneumologischen Klinik des<br />
Evang. Krankenhauses Mülheim/R.,<br />
&#8211; in der I. Medizinischen Klinik des St. Marien Hospitals Mülheim.</p>
<p>Abschluß der Weiterbildung zum Facharzt „Innere Medizin“.</p>
<p>Schließlich Weiterbildung zum Arzt für Lungen-und Bronchialheilkunde und Allergologie in der Lungenklinik Hemer.</p>
<p>Dann 5 Jahre Oberarzt in der Medizinischen Klinik des Evang. Krankenhauses Düsseldorf, verantwortlich für den Fachbereich Lungen- und Bronchialheilkunde/Allergologie.</p>
<p>Am 1.7.2004 Übernahme der Praxis von Dr. P. Pasquay in Duisburg,  auf der Münzstr. 19.</p>
<p>Zum 1.1.2005 dann Umzug und Neueröffnung der Praxis auf der nahe gelegenen Schwanenstr. 19 (gegenüber dem Rathaus).</p>

<p>Geboren in Dinslaken, Studium der Medizin in Düsseldorf, Tätigkeiten als Assistenzarzt : &#8211; in der Kardiologischen /Pneumologischen Klinik des Evang. Krankenhauses Mülheim/R., &#8211; in der I. Medizinischen Klinik des St. Marien Hospitals Mülheim. Abschluß der Weiterbildung zum Facharzt „Innere Medizin“. Schließlich Weiterbildung zum Arzt für Lungen-und Bronchialheilkunde und Allergologie in der Lungenklinik Hemer. Dann 5 &hellip;</p>
<p class="read-more"> <a class="" href="http://www.praxis-schwiese.de/website/team/"> <span class="screen-reader-text">Vita Dr. Schwiese</span> Weiterlesen &raquo;</a></p>

<!-- This site is optimized with the Yoast SEO plugin v19.7.1 - https://yoast.com/wordpress/plugins/seo/ -->
<title>Vita Dr. Schwiese - Praxis Dr. med. Jürgen Schwiese</title>
<meta name="robots" content="index, follow, max-snippet:-1, max-image-preview:large, max-video-preview:-1" />
<link rel="canonical" href="http://www.praxis-schwiese.de/website/team/" />
<meta property="og:locale" content="de_DE" />
<meta property="og:type" content="article" />
<meta property="og:title" content="Vita Dr. Schwiese - Praxis Dr. med. Jürgen Schwiese" />
<meta property="og:description" content="Geboren in Dinslaken, Studium der Medizin in Düsseldorf, Tätigkeiten als Assistenzarzt : &#8211; in der Kardiologischen /Pneumologischen Klinik des Evang. Krankenhauses Mülheim/R., &#8211; in der I. Medizinischen Klinik des St. Marien Hospitals Mülheim. Abschluß der Weiterbildung zum Facharzt „Innere Medizin“. Schließlich Weiterbildung zum Arzt für Lungen-und Bronchialheilkunde und Allergologie in der Lungenklinik Hemer. Dann 5 &hellip; Vita Dr. Schwiese Weiterlesen &raquo;" />
<meta property="og:url" content="http://www.praxis-schwiese.de/website/team/" />
<meta property="og:site_name" content="Praxis Dr. med. Jürgen Schwiese" />
<meta property="article:modified_time" content="2019-10-30T17:45:58+00:00" />
<meta property="og:image" content="http://www.praxis-schwiese.de/website/wp-content/uploads/2019/10/dr_schwiese-225x300.jpg" />
<meta name="twitter:card" content="summary_large_image" />
<meta name="twitter:label1" content="Geschätzte Lesezeit" />
	<meta name="twitter:data1" content="1 Minute" />
<script type="application/ld+json" class="yoast-schema-graph">{"@context":"https://schema.org","@graph":[{"@type":"WebPage","@id":"http://www.praxis-schwiese.de/website/team/","url":"http://www.praxis-schwiese.de/website/team/","name":"Vita Dr. Schwiese - Praxis Dr. med. Jürgen Schwiese","isPartOf":{"@id":"http://www.praxis-schwiese.de/website/#website"},"datePublished":"2018-05-24T11:51:53+00:00","dateModified":"2019-10-30T17:45:58+00:00","breadcrumb":{"@id":"http://www.praxis-schwiese.de/website/team/#breadcrumb"},"inLanguage":"de","potentialAction":[{"@type":"ReadAction","target":["http://www.praxis-schwiese.de/website/team/"]}]},{"@type":"BreadcrumbList","@id":"http://www.praxis-schwiese.de/website/team/#breadcrumb","itemListElement":[{"@type":"ListItem","position":1,"name":"Startseite","item":"http://www.praxis-schwiese.de/website/"},{"@type":"ListItem","position":2,"name":"Vita Dr. Schwiese"}]},{"@type":"WebSite","@id":"http://www.praxis-schwiese.de/website/#website","url":"http://www.praxis-schwiese.de/website/","name":"Praxis Dr. med. Jürgen Schwiese","description":"Facharztpraxis für Innere Medizin, Lungen- und Bronchialheilkunde, Allergologie","publisher":{"@id":"http://www.praxis-schwiese.de/website/#organization"},"potentialAction":[{"@type":"SearchAction","target":{"@type":"EntryPoint","urlTemplate":"http://www.praxis-schwiese.de/website/?s={search_term_string}"},"query-input":"required name=search_term_string"}],"inLanguage":"de"},{"@type":"Organization","@id":"http://www.praxis-schwiese.de/website/#organization","name":"Praxis Dr. Jürgen Schwiese","url":"http://www.praxis-schwiese.de/website/","sameAs":[],"logo":{"@type":"ImageObject","inLanguage":"de","@id":"http://www.praxis-schwiese.de/website/#/schema/logo/image/","url":"http://www.praxis-schwiese.de/website/wp-content/uploads/2019/10/header_250-1.png","contentUrl":"http://www.praxis-schwiese.de/website/wp-content/uploads/2019/10/header_250-1.png","width":275,"height":91,"caption":"Praxis Dr. Jürgen Schwiese"},"image":{"@id":"http://www.praxis-schwiese.de/website/#/schema/logo/image/"}}]}</script>
<!-- / Yoast SEO plugin. -->

Vita Dr. Schwiese - Praxis Dr. med. Jürgen Schwiese

Geboren in Dinslaken, Studium der Medizin in Düsseldorf, Tätigkeiten als Assistenzarzt : &#8211; in der Kardiologischen /Pneumologischen Klinik des Evang. Krankenhauses Mülheim/R., &#8211; in der I. Medizinischen Klinik des St. Marien Hospitals Mülheim. Abschluß der Weiterbildung zum Facharzt „Innere Medizin“. Schließlich Weiterbildung zum Arzt für Lungen-und Bronchialheilkunde und Allergologie in der Lungenklinik Hemer. Dann 5 &hellip; Vita Dr. Schwiese Weiterlesen &raquo;

Praxis Dr. med. Jürgen Schwiese

Facharztpraxis für Innere Medizin, Lungen- und Bronchialheilkunde, Allergologie

Praxis Dr. Jürgen Schwiese

Geboren in Dinslaken, Studium der Medizin in Düsseldorf, Tätigkeiten als Assistenzarzt : &#8211; in der Kardiologischen /Pneumologischen Klinik des Evang. Krankenhauses Mülheim/R., &#8211; in der I. Medizinischen Klinik des St. Marien Hospitals Mülheim. Abschluß der Weiterbildung zum Facharzt „Innere Medizin“. Schließlich Weiterbildung zum Arzt für Lungen-und Bronchialheilkunde und Allergologie in der Lungenklinik Hemer. Dann 5&hellip;
