{"id":128,"date":"2018-05-24T16:35:05","date_gmt":"2018-05-24T14:35:05","guid":{"rendered":"http:\/\/www.praxis-schwiese.de\/website\/?page_id=128"},"modified":"2022-10-19T11:18:11","modified_gmt":"2022-10-19T09:18:11","slug":"impressum","status":"publish","type":"page","link":"http:\/\/www.praxis-schwiese.de\/website\/impressum\/","title":{"rendered":"Impressum"},"content":{"rendered":"<p>Verantwortlich f\u00fcr die Inhalte:<br \/>\nDr. med. J\u00fcrgen Schwiese<br \/>\nSchwanenstr. 19<br \/>\n47051 Duisburg<br \/>\nTel. (0203) 2 59 89<br \/>\nFax (0203) 28 48 49<\/p>\n<p>E-Mail info@praxis-schwiese.de<\/p>\n<p>Berufsbezeichnung:<br \/>\nFacharzt f\u00fcr Innere Medizin, Arzt f\u00fcr Lungen- und Bronchialheilkunde und Allergologie, verliehen in Deutschland.<\/p>\n<p>Berufsrechtlichen Regelungen unter:<br \/>\n<a href=\"https:\/\/www.aekno.de\/aerzte\/berufsordnung\">https:\/\/www.aekno.de\/aerzte\/berufsordnung<\/a><\/p>\n<p>Verantwortlich i.S.d. TDG und MDStV:<br \/>\nDr. med. J\u00fcrgen Schwiese<\/p>\n<p>Umsatzsteuer-Identifikations-Nr.<br \/>\n109\/5193\/0623<\/p>\n<p>Zust\u00e4ndige Aufsichtsbeh\u00f6rde:<br \/>\n\u00c4rztekammer Nordrhein<\/p>\n","protected":false},"excerpt":{"rendered":"<p>Verantwortlich f\u00fcr die Inhalte: Dr. med. J\u00fcrgen Schwiese Schwanenstr. 19 47051 Duisburg Tel. (0203) 2 59 89 Fax (0203) 28 48 49 E-Mail info@praxis-schwiese.de Berufsbezeichnung: Facharzt f\u00fcr Innere Medizin, Arzt f\u00fcr Lungen- und Bronchialheilkunde und Allergologie, verliehen in Deutschland. Berufsrechtlichen Regelungen unter: https:\/\/www.aekno.de\/aerzte\/berufsordnung Verantwortlich i.S.d. TDG und MDStV: Dr. med. J\u00fcrgen Schwiese Umsatzsteuer-Identifikations-Nr. 109\/5193\/0623 Zust\u00e4ndige &hellip;<\/p>\n<p class=\"read-more\"> <a class=\"\" href=\"http:\/\/www.praxis-schwiese.de\/website\/impressum\/\"> <span class=\"screen-reader-text\">Impressum<\/span> Weiterlesen &raquo;<\/a><\/p>\n","protected":false},"author":1,"featured_media":0,"parent":0,"menu_order":0,"comment_status":"closed","ping_status":"closed","template":"","meta":{"site-sidebar-layout":"default","site-content-layout":"default","ast-global-header-display":"","ast-main-header-display":"","ast-hfb-above-header-display":"","ast-hfb-below-header-display":"","ast-hfb-mobile-header-display":"","site-post-title":"","ast-breadcrumbs-content":"","ast-featured-img":"","footer-sml-layout":"","theme-transparent-header-meta":"default","adv-header-id-meta":"","stick-header-meta":"","header-above-stick-meta":"","header-main-stick-meta":"","header-below-stick-meta":"","footnotes":""},"categories":[],"tags":[],"class_list":["post-128","page","type-page","status-publish","hentry"],"yoast_head":"<!-- This site is optimized with the Yoast SEO plugin v19.7.1 - https:\/\/yoast.com\/wordpress\/plugins\/seo\/ -->\n<title>Impressum - Praxis Dr. med. J\u00fcrgen Schwiese<\/title>\n<meta name=\"robots\" content=\"index, follow, max-snippet:-1, max-image-preview:large, max-video-preview:-1\" \/>\n<link rel=\"canonical\" href=\"http:\/\/www.praxis-schwiese.de\/website\/impressum\/\" \/>\n<meta property=\"og:locale\" content=\"de_DE\" \/>\n<meta property=\"og:type\" content=\"article\" \/>\n<meta property=\"og:title\" content=\"Impressum - Praxis Dr. med. J\u00fcrgen Schwiese\" \/>\n<meta property=\"og:description\" content=\"Verantwortlich f\u00fcr die Inhalte: Dr. med. J\u00fcrgen Schwiese Schwanenstr. 19 47051 Duisburg Tel. (0203) 2 59 89 Fax (0203) 28 48 49 E-Mail info@praxis-schwiese.de Berufsbezeichnung: Facharzt f\u00fcr Innere Medizin, Arzt f\u00fcr Lungen- und Bronchialheilkunde und Allergologie, verliehen in Deutschland. Berufsrechtlichen Regelungen unter: https:\/\/www.aekno.de\/aerzte\/berufsordnung Verantwortlich i.S.d. TDG und MDStV: Dr. med. J\u00fcrgen Schwiese Umsatzsteuer-Identifikations-Nr. 109\/5193\/0623 Zust\u00e4ndige &hellip; Impressum Weiterlesen &raquo;\" \/>\n<meta property=\"og:url\" content=\"http:\/\/www.praxis-schwiese.de\/website\/impressum\/\" \/>\n<meta property=\"og:site_name\" content=\"Praxis Dr. med. J\u00fcrgen Schwiese\" \/>\n<meta property=\"article:modified_time\" content=\"2022-10-19T09:18:11+00:00\" \/>\n<meta name=\"twitter:card\" content=\"summary_large_image\" \/>\n<meta name=\"twitter:label1\" content=\"Gesch\u00e4tzte Lesezeit\" \/>\n\t<meta name=\"twitter:data1\" content=\"1\u00a0Minute\" \/>\n<script type=\"application\/ld+json\" class=\"yoast-schema-graph\">{\"@context\":\"https:\/\/schema.org\",\"@graph\":[{\"@type\":\"WebPage\",\"@id\":\"http:\/\/www.praxis-schwiese.de\/website\/impressum\/\",\"url\":\"http:\/\/www.praxis-schwiese.de\/website\/impressum\/\",\"name\":\"Impressum - Praxis Dr. med. J\u00fcrgen Schwiese\",\"isPartOf\":{\"@id\":\"http:\/\/www.praxis-schwiese.de\/website\/#website\"},\"datePublished\":\"2018-05-24T14:35:05+00:00\",\"dateModified\":\"2022-10-19T09:18:11+00:00\",\"breadcrumb\":{\"@id\":\"http:\/\/www.praxis-schwiese.de\/website\/impressum\/#breadcrumb\"},\"inLanguage\":\"de\",\"potentialAction\":[{\"@type\":\"ReadAction\",\"target\":[\"http:\/\/www.praxis-schwiese.de\/website\/impressum\/\"]}]},{\"@type\":\"BreadcrumbList\",\"@id\":\"http:\/\/www.praxis-schwiese.de\/website\/impressum\/#breadcrumb\",\"itemListElement\":[{\"@type\":\"ListItem\",\"position\":1,\"name\":\"Startseite\",\"item\":\"http:\/\/www.praxis-schwiese.de\/website\/\"},{\"@type\":\"ListItem\",\"position\":2,\"name\":\"Impressum\"}]},{\"@type\":\"WebSite\",\"@id\":\"http:\/\/www.praxis-schwiese.de\/website\/#website\",\"url\":\"http:\/\/www.praxis-schwiese.de\/website\/\",\"name\":\"Praxis Dr. med. J\u00fcrgen Schwiese\",\"description\":\"Facharztpraxis f\u00fcr Innere Medizin, Lungen- und Bronchialheilkunde, Allergologie\",\"publisher\":{\"@id\":\"http:\/\/www.praxis-schwiese.de\/website\/#organization\"},\"potentialAction\":[{\"@type\":\"SearchAction\",\"target\":{\"@type\":\"EntryPoint\",\"urlTemplate\":\"http:\/\/www.praxis-schwiese.de\/website\/?s={search_term_string}\"},\"query-input\":\"required name=search_term_string\"}],\"inLanguage\":\"de\"},{\"@type\":\"Organization\",\"@id\":\"http:\/\/www.praxis-schwiese.de\/website\/#organization\",\"name\":\"Praxis Dr. J\u00fcrgen Schwiese\",\"url\":\"http:\/\/www.praxis-schwiese.de\/website\/\",\"sameAs\":[],\"logo\":{\"@type\":\"ImageObject\",\"inLanguage\":\"de\",\"@id\":\"http:\/\/www.praxis-schwiese.de\/website\/#\/schema\/logo\/image\/\",\"url\":\"http:\/\/www.praxis-schwiese.de\/website\/wp-content\/uploads\/2019\/10\/header_250-1.png\",\"contentUrl\":\"http:\/\/www.praxis-schwiese.de\/website\/wp-content\/uploads\/2019\/10\/header_250-1.png\",\"width\":275,\"height\":91,\"caption\":\"Praxis Dr. J\u00fcrgen Schwiese\"},\"image\":{\"@id\":\"http:\/\/www.praxis-schwiese.de\/website\/#\/schema\/logo\/image\/\"}}]}<\/script>\n<!-- \/ Yoast SEO plugin. -->","yoast_head_json":{"title":"Impressum - Praxis Dr. med. J\u00fcrgen Schwiese","robots":{"index":"index","follow":"follow","max-snippet":"max-snippet:-1","max-image-preview":"max-image-preview:large","max-video-preview":"max-video-preview:-1"},"canonical":"http:\/\/www.praxis-schwiese.de\/website\/impressum\/","og_locale":"de_DE","og_type":"article","og_title":"Impressum - Praxis Dr. med. J\u00fcrgen Schwiese","og_description":"Verantwortlich f\u00fcr die Inhalte: Dr. med. J\u00fcrgen Schwiese Schwanenstr. 19 47051 Duisburg Tel. (0203) 2 59 89 Fax (0203) 28 48 49 E-Mail info@praxis-schwiese.de Berufsbezeichnung: Facharzt f\u00fcr Innere Medizin, Arzt f\u00fcr Lungen- und Bronchialheilkunde und Allergologie, verliehen in Deutschland. Berufsrechtlichen Regelungen unter: https:\/\/www.aekno.de\/aerzte\/berufsordnung Verantwortlich i.S.d. TDG und MDStV: Dr. med. J\u00fcrgen Schwiese Umsatzsteuer-Identifikations-Nr. 109\/5193\/0623 Zust\u00e4ndige &hellip; Impressum Weiterlesen &raquo;","og_url":"http:\/\/www.praxis-schwiese.de\/website\/impressum\/","og_site_name":"Praxis Dr. med. J\u00fcrgen Schwiese","article_modified_time":"2022-10-19T09:18:11+00:00","twitter_card":"summary_large_image","twitter_misc":{"Gesch\u00e4tzte Lesezeit":"1\u00a0Minute"},"schema":{"@context":"https:\/\/schema.org","@graph":[{"@type":"WebPage","@id":"http:\/\/www.praxis-schwiese.de\/website\/impressum\/","url":"http:\/\/www.praxis-schwiese.de\/website\/impressum\/","name":"Impressum - Praxis Dr. med. J\u00fcrgen Schwiese","isPartOf":{"@id":"http:\/\/www.praxis-schwiese.de\/website\/#website"},"datePublished":"2018-05-24T14:35:05+00:00","dateModified":"2022-10-19T09:18:11+00:00","breadcrumb":{"@id":"http:\/\/www.praxis-schwiese.de\/website\/impressum\/#breadcrumb"},"inLanguage":"de","potentialAction":[{"@type":"ReadAction","target":["http:\/\/www.praxis-schwiese.de\/website\/impressum\/"]}]},{"@type":"BreadcrumbList","@id":"http:\/\/www.praxis-schwiese.de\/website\/impressum\/#breadcrumb","itemListElement":[{"@type":"ListItem","position":1,"name":"Startseite","item":"http:\/\/www.praxis-schwiese.de\/website\/"},{"@type":"ListItem","position":2,"name":"Impressum"}]},{"@type":"WebSite","@id":"http:\/\/www.praxis-schwiese.de\/website\/#website","url":"http:\/\/www.praxis-schwiese.de\/website\/","name":"Praxis Dr. med. J\u00fcrgen Schwiese","description":"Facharztpraxis f\u00fcr Innere Medizin, Lungen- und Bronchialheilkunde, Allergologie","publisher":{"@id":"http:\/\/www.praxis-schwiese.de\/website\/#organization"},"potentialAction":[{"@type":"SearchAction","target":{"@type":"EntryPoint","urlTemplate":"http:\/\/www.praxis-schwiese.de\/website\/?s={search_term_string}"},"query-input":"required name=search_term_string"}],"inLanguage":"de"},{"@type":"Organization","@id":"http:\/\/www.praxis-schwiese.de\/website\/#organization","name":"Praxis Dr. J\u00fcrgen Schwiese","url":"http:\/\/www.praxis-schwiese.de\/website\/","sameAs":[],"logo":{"@type":"ImageObject","inLanguage":"de","@id":"http:\/\/www.praxis-schwiese.de\/website\/#\/schema\/logo\/image\/","url":"http:\/\/www.praxis-schwiese.de\/website\/wp-content\/uploads\/2019\/10\/header_250-1.png","contentUrl":"http:\/\/www.praxis-schwiese.de\/website\/wp-content\/uploads\/2019\/10\/header_250-1.png","width":275,"height":91,"caption":"Praxis Dr. J\u00fcrgen Schwiese"},"image":{"@id":"http:\/\/www.praxis-schwiese.de\/website\/#\/schema\/logo\/image\/"}}]}},"uagb_featured_image_src":{"full":false,"thumbnail":false,"medium":false,"medium_large":false,"large":false,"1536x1536":false,"2048x2048":false},"uagb_author_info":{"display_name":"rolfwin","author_link":"http:\/\/www.praxis-schwiese.de\/website\/author\/rolfwin\/"},"uagb_comment_info":0,"uagb_excerpt":"Verantwortlich f\u00fcr die Inhalte: Dr. med. J\u00fcrgen Schwiese Schwanenstr. 19 47051 Duisburg Tel. (0203) 2 59 89 Fax (0203) 28 48 49 E-Mail info@praxis-schwiese.de Berufsbezeichnung: Facharzt f\u00fcr Innere Medizin, Arzt f\u00fcr Lungen- und Bronchialheilkunde und Allergologie, verliehen in Deutschland. Berufsrechtlichen Regelungen unter: https:\/\/www.aekno.de\/aerzte\/berufsordnung Verantwortlich i.S.d. TDG und MDStV: Dr. med. J\u00fcrgen Schwiese Umsatzsteuer-Identifikations-Nr. 109\/5193\/0623 Zust\u00e4ndige&hellip;","_links":{"self":[{"href":"http:\/\/www.praxis-schwiese.de\/website\/wp-json\/wp\/v2\/pages\/128","targetHints":{"allow":["GET"]}}],"collection":[{"href":"http:\/\/www.praxis-schwiese.de\/website\/wp-json\/wp\/v2\/pages"}],"about":[{"href":"http:\/\/www.praxis-schwiese.de\/website\/wp-json\/wp\/v2\/types\/page"}],"author":[{"embeddable":true,"href":"http:\/\/www.praxis-schwiese.de\/website\/wp-json\/wp\/v2\/users\/1"}],"replies":[{"embeddable":true,"href":"http:\/\/www.praxis-schwiese.de\/website\/wp-json\/wp\/v2\/comments?post=128"}],"version-history":[{"count":4,"href":"http:\/\/www.praxis-schwiese.de\/website\/wp-json\/wp\/v2\/pages\/128\/revisions"}],"predecessor-version":[{"id":583,"href":"http:\/\/www.praxis-schwiese.de\/website\/wp-json\/wp\/v2\/pages\/128\/revisions\/583"}],"wp:attachment":[{"href":"http:\/\/www.praxis-schwiese.de\/website\/wp-json\/wp\/v2\/media?parent=128"}],"wp:term":[{"taxonomy":"category","embeddable":true,"href":"http:\/\/www.praxis-schwiese.de\/website\/wp-json\/wp\/v2\/categories?post=128"},{"taxonomy":"post_tag","embeddable":true,"href":"http:\/\/www.praxis-schwiese.de\/website\/wp-json\/wp\/v2\/tags?post=128"}],"curies":[{"name":"wp","href":"https:\/\/api.w.org\/{rel}","templated":true}]}}